 of 12*p + 1/3*p**3 - 1/2*p**2 + 0 + 1/3*p**4. What is d(a)?
5
Let s(u) = u**3 - 6*u**2 + 3*u + 1. Let q be (8 - (-4 - -4)) + -3. Suppose -4*k + 9 = q*g - 8, -5*g - 3*k + 19 = 0. Give s(g).
-9
Let m(y) = 5*y**2 - 72*y - 1. Let a(p) = 17*p**2 - 249*p - 3. Let k(q) = 2*a(q) - 7*m(q). Suppose f = -0*f + 8. Calculate k(f).
-15
Let f(y) be the third derivative of -y**6/120 + y**4/8 + 2*y**3/3 + 22*y**2. What is f(-3)?
22
Let y = 28 - 7. Let u be ((-2)/(-7) - 6/y)/(-1). Let h(r) = r**3 - r - 3. What is h(u)?
-3
Let n(p) = 4*p**3 + 2*p - 10*p + 15*p - 10 - 3*p**3 - 9*p**2 + 0*p**3. Determine n(8).
-18
Let v(b) = b + 5. Let p be 966/(-147) - (-3)/(-7). Calculate v(p).
-2
Suppose 5*f - 3*f + 10 = 0. Let p(b) = -2*b**3 + b**3 - 3*b - 3 + 6. Let k(y) = y**3 - y**2 + 4*y - 4. Let d(x) = f*p(x) - 4*k(x). Give d(-4).
5
Let m(a) = 5*a - 5. Let x(r) = 2*r - 1 + 2*r - 3. Let o(b) = -b**3 - 7*b**2 - 5. Let j be o(-7). Let f(n) = j*m(n) + 6*x(n). Give f(4).
-3
Let x(p) be the first derivative of -5/3*p**3 - 2*p**2 - 5*p - 1/4*p**4 - 17. Calculate x(-5).
15
Let n = -98 - -99. Let w(b) = -1 - b**3 - n + 65*b - 66*b. Give w(-2).
8
Let z(v) = 2*v**2 + 3*v + 3. Suppose -10*g = -13*g + 12. Let p(o) = -o**2 - o - 1. Let n(c) = g*z(c) + 9*p(c). Calculate n(4).
-1
Let t be (9/((-27)/12) - -3)*6. Let w(a) = a**2 + 2*a - 8. Give w(t).
16
Let o(z) = z**2. Let m be o(0). Suppose -4*j = j - 3*i - 25, -3*i = m. Suppose 2 = -p + j. Let c(t) = 2*t - 4. What is c(p)?
2
Let z(x) = 172*x + 10 - 7 - 161*x. Give z(-2).
-19
Let u(l) = 7 + 3 + l - 4. Let s be (2/(-2) - 10) + 4. Calculate u(s).
-1
Let t(r) = -r**2 - 12*r - 11. Let h(q) = q**2 - q - 100. Let x be h(10). Calculate t(x).
9
Let i(g) be the second derivative of g**4/12 + g**3/2 - 5*g**2/2 + 17*g. Give i(-6).
13
Let r(n) = -15 - 10*n**2 - 13*n**3 + 9 - 7*n + 12*n**3. Determine r(-9).
-24
Let s(w) be the third derivative of w**4/24 + w**3/3 + 6*w**2 - 2*w. Let a(h) = h + 1. Let v be a(1). Determine s(v).
4
Suppose 3*z + 5*x - 4 = -0, 2*x = 2*z + 8. Let d be 1/(-3 - (z - 2)). Let o(q) be the first derivative of -q**3/3 - q**2/2 - 1. Calculate o(d).
-2
Let c(t) = -t**2 + 12*t + 5. Let u = 1515 + -1509. Give c(u).
41
Let w(v) = 8*v**3 + v**2 - 2*v - 4. Let f(o) = 5*o**3 + o**2 - 3*o - 5. Let u(t) = -3*f(t) + 4*w(t). What is u(1)?
18
Suppose 10*z = -5*z - 285. Let o(w) = -w**3 - 18*w**2 + 18*w - 16. Determine o(z).
3
Let o(f) = -f**2 + 7*f + 11. Suppose 11*k + 26 = 158. Give o(k).
-49
Let v(p) = p + 1. Suppose 0 = 2*d - 5*b + 13 - 4, -4*b + 21 = 3*d. Let z be 3 - d/(52/(-32) + 2). Calculate v(z).
-4
Suppose -105*a + 176 = -139. Let b(f) = 2*f - 2 - 4 + 3. Determine b(a).
3
Let u(l) = l**2 + 16. Let s = 181 + -181. Determine u(s).
16
Let w(a) = a**2 + 4*a - 6. Suppose -z + 2*z + v + 5 = 0, 0 = -5*z + 5*v + 5. Let b be 0 + z - (-42)/(-14). Calculate w(b).
-1
Suppose -3*p + 11 - 5 = 0. Let w = -3 - p. Let y(s) be the second derivative of -s**5/20 - s**4/2 - 5*s**3/6 + s**2 + 6*s. What is y(w)?
2
Let k(n) = n**3 + 3*n**2 - 6*n + 5. Let r be k(-6). Let a = 68 + r. Let h(b) be the first derivative of b**4/4 - b**2/2 - 1. Calculate h(a).
0
Let k(c) be the second derivative of -c**4/2 + c**3/6 + c**2 - 68*c. Calculate k(2).
-20
Let b be (-4)/(-18) - 2/(18/(-43)). Let i(g) = -1 + 0*g**2 - 5 - b*g + g**2 + 4. Give i(4).
-6
Suppose 8*n - 4*n = 60. Suppose -6*f + 3*f = -y - 20, -n = -2*f + y. Suppose -25 = 5*p + c, -f*p - 2*c = -0*p + 25. Let b(w) = -w**3 - 5*w**2 - 5. Give b(p).
-5
Let z(p) be the third derivative of -p**5/30 - p**3/6 + 7*p**2 + 28*p. What is z(2)?
-9
Let p(i) = -4*i - 4. Let r(g) = g + 1. Let v(s) = -3*s - 3. Let m(q) = -7*r(q) - 2*v(q). Let h(b) = -21*m(b) + 6*p(b). Calculate h(3).
-12
Let v(l) be the second derivative of 1/12*l**4 + 3*l + 2 + 3/2*l**2 + 1/6*l**3. Determine v(-3).
9
Suppose -7*x + 6*x = 17. Let n = 3 + x. Let t = -15 - n. Let i(j) = 7*j**3 + j**2. Calculate i(t).
-6
Let p(v) = v**2 + 8*v - 1. Let d = -145 + 139. Give p(d).
-13
Let j(o) be the second derivative of 1/60*o**5 - 3*o + 0*o**2 - 1/24*o**4 - 2/3*o**3 + 0. Let q(v) be the second derivative of j(v). Calculate q(-2).
-5
Let y(x) = 7*x - 11. Let d(h) = -6*h + 10. Suppose 0*o - 12 = -2*o. Let t(i) = o*d(i) + 5*y(i). Determine t(3).
2
Let b(n) = -n**2 - 4*n - 3. Let p(l) = l**3 - 6*l**2 + 8. Let y be p(6). Let j be (-12)/36 + y/(-3). What is b(j)?
0
Let p(z) = 47 + 5*z**2 + z**3 + 4*z - 47. Let c be (3 - 2)*2*2. Let w = c - 8. Calculate p(w).
0
Let z(i) = 142*i + 1 - 66*i - 78*i. What is z(1)?
-1
Let c(m) = -m**3 - 9*m**2 - 10*m - 4. Suppose -5*z - 370 = -330. Give c(z).
12
Let q(s) = s**2 + s - 2. Let h(u) = 3*u + 8. Let t(b) = -h(b) - 2*q(b). Give t(-3).
-7
Let k(c) = -3*c + 2. Let d be (19 - 19)*(-1 + 0). Suppose d + 10 = 5*v. Calculate k(v).
-4
Let u(i) = 4 - i**3 - 2*i**2 + 18*i + 0*i**2 + 17*i + 9*i - 36*i. Determine u(-4).
4
Let d(v) = 10 + 12*v - 21*v + 5*v - 7 + v**3 - 4*v**2. Suppose 4*h = 24 - 4. Determine d(h).
8
Suppose -t - s - 5 = 0, 0 = -4*t + 4*s + 12 - 0. Let v be (2 - (-2)/(-1))/(-1). Let f(l) = 6*l - 2*l + 1 + 0 + v. Calculate f(t).
-3
Let b(j) = 2*j + 6. Let h(t) be the first derivative of -t**4/4 - 2*t**3/3 + 2*t**2 - t + 9. Let f be h(-3). Give b(f).
-2
Suppose -3*d + 14 = -10. Let b be (-25)/d - (-3)/24. Let u(s) = -1 + 2 - 3*s**2 - s**3 - s**2. What is u(b)?
-8
Suppose 10*f = 8*f - 9*f. Let s(x) = -x**2 + x + 16. Calculate s(f).
16
Let x(p) = 9 + p + 8*p - 9*p + 6*p. Calculate x(8).
57
Suppose -4*p + 6*p + 4 = 0. Let n be -15*(-1 - p)/(-3). Let v(q) = -q**2 + 3*q + 2. What is v(n)?
-8
Let f(l) = 6*l**3 - 2*l**2. Suppose 2*t - 14 = 5*h + 10, -h = 4. Give f(t).
40
Let n(g) = -7*g**3 - g**2 + 7*g - 1. Let r(s) = -4*s**3 + 3*s - 1. Let i(o) = -3*n(o) + 5*r(o). Determine i(-4).
6
Let q(d) be the first derivative of d**4/4 - d**3/3 + d**2 + 4*d - 124. What is q(0)?
4
Suppose 4*a + 0*a = n + 58, -4 = -a - 5*n. Let s = 20 - a. Let i be (2/s)/((-5)/(-30)). Let o(h) = h**3 + h**2 - 2*h - 1. Calculate o(i).
7
Suppose -35*c + 16 = -124. Let u(i) = -6*i + 6. Calculate u(c).
-18
Let s(f) = -20*f - 3 + 33*f + 4 + 8 - f**2. Calculate s(12).
21
Let z(w) be the second derivative of w**5/10 + w. Let l = 15 - 7. Let v(i) = i**2 - 9*i + 7. Let m be v(l). What is z(m)?
-2
Let i be ((-2)/(-3))/(3/54). Suppose -u = -5*u - i, -m + u = 0. Let x(w) = -w + 2. Give x(m).
5
Let c(r) = -8*r**2 - 14*r - 8. Let y(h) be the first derivative of -h**3 - 5*h**2/2 - 3*h + 2. Let m(g) = -5*c(g) + 14*y(g). Give m(-2).
-10
Let z(v) = -v - 6. Let u = -349 - -321. Let t(q) = 4*q + 4. Let k be t(-8). Let h = u - k. Determine z(h).
-6
Let p(m) = m**3 + 5*m**2 + 2*m - 9. Let v be p(-3). Suppose -3*f = v*h + 9, 5*h + f + 9 = -2*f. Let r(l) = -l**2 + 11. What is r(h)?
11
Let t(w) be the first derivative of -w**2/2 - 6*w + 8. Let f be t(-15). Let x(q) = -5 + q + 0*q + 9*q**2 + q**3 - 2*q**3. Calculate x(f).
4
Suppose 4*d - d = -3*p - 30, -p = -4*d - 10. Let g(f) = -f**3 - 7*f**2 - 8*f - 4. What is g(p)?
8
Let d = 2 - 0. Let c(j) = -j**2 - 2*j - 6. Let o(w) = 2*w**2 + 5*w + 13. Let r = -64 - -69. Let b(h) = d*o(h) + r*c(h). Calculate b(0).
-4
Let u be (-2 + 0 - 0)*1. Let h(n) = -1 - 75*n + 72*n + 0 - n**3. What is h(u)?
13
Suppose 15 = 2*p + 3*p. Suppose -3*j = p*c + 9, -c - c + 19 = -3*j. Let u(b) = 10*b - 35. Let y(i) = 12*i - 40. Let k(h) = 7*u(h) - 6*y(h). What is k(j)?
5
Let z(x) = -2*x**2 + 9*x - 7. Let q be z(3). Suppose -5*g + 3*g + 1 = -r, 2*r - 4 = -q*g. Let m(b) = -5*b**2 + b - 1. Give m(r).
-5
Let f(v) = -10*v - 24. Let b be f(-3). Let d be 2/8 + (-75)/(-20). Let r(y) = y**2 - 3*y**2 + d + y**2 + 5*y - 1. What is r(b)?
-3
Suppose 4 = -5*c - 6, -c = -4*l + 38. Let k = l + -1. Let h(o) = -o**3 + 8*o**2 + 2*o - 6. Calculate h(k).
10
Suppose 0 = -10*z + 18*z + 16. Let n(s) = -s**3 - 4*s**2 - 3*s. What is n(z)?
-2
Let r = -1 - -1. Let n(q) = q**3 - 4*q**2 - 4*q - 2. Let v be n(5). Let k(l) = -l - 1 + 1 - v + 0. Determine k(r).
-3
Let i(a) be the second derivative of a**6/720 + a**5/20 - 4*a**4/3 - 6*a. Let w(o) be the third derivative of i(o). Calculate w(-6).
0
Let x(s) = -5*s**3 + 3*s**2. Let v be (-3)/(3/(-2)*2). Let f(u) = -u**3 + u**2 - u. Let c(m) = v*f(m) - x(m). Calculate c(-1).
-5
Let w = 33 + -26. Let o(g) = g**3 - 8*g**2 + 6*g + 12. Let v be o(w). Let q(